{"id":1973,"date":"2026-03-09T20:04:02","date_gmt":"2026-03-09T20:04:02","guid":{"rendered":"https:\/\/drraphaelbarros.com.br\/?page_id=1973"},"modified":"2026-03-11T15:52:44","modified_gmt":"2026-03-11T15:52:44","slug":"politicas-de-privacidade","status":"publish","type":"page","link":"https:\/\/drraphaelbarros.com.br\/?page_id=1973","title":{"rendered":"Pol\u00edticas de Privacidade"},"content":{"rendered":"\t\t<div data-elementor-type=\"wp-page\" data-elementor-id=\"1973\" class=\"elementor elementor-1973\">\n\t\t\t\t\t\t<section class=\"elementor-section elementor-top-section elementor-element elementor-element-0f5cf81 elementor-section-boxed elementor-section-height-default elementor-section-height-default\" data-id=\"0f5cf81\" data-element_type=\"section\" data-e-type=\"section\">\n\t\t\t\t\t\t<div class=\"elementor-container elementor-column-gap-default\">\n\t\t\t\t\t<div class=\"elementor-column elementor-col-100 elementor-top-column elementor-element elementor-element-0337cb6\" data-id=\"0337cb6\" data-element_type=\"column\" data-e-type=\"column\">\n\t\t\t<div class=\"elementor-widget-wrap elementor-element-populated\">\n\t\t\t\t\t\t<div class=\"elementor-element elementor-element-a1bda7d elementor-widget elementor-widget-heading\" data-id=\"a1bda7d\" data-element_type=\"widget\" data-e-type=\"widget\" data-widget_type=\"heading.default\">\n\t\t\t\t<div class=\"elementor-widget-container\">\n\t\t\t\t\t<h2 class=\"elementor-heading-title elementor-size-default\">Pol\u00edticas de Privacidade<\/h2>\t\t\t\t<\/div>\n\t\t\t\t<\/div>\n\t\t\t\t<div class=\"elementor-element elementor-element-61d3e3f elementor-widget elementor-widget-text-editor\" data-id=\"61d3e3f\" data-element_type=\"widget\" data-e-type=\"widget\" data-widget_type=\"text-editor.default\">\n\t\t\t\t<div class=\"elementor-widget-container\">\n\t\t\t\t\t\t\t\t\t<h3 class=\"ql-heading ql-show-draggable-anchor\" data-block-id=\"block-76d37e52-0d76-48b0-918a-3465914f76aa\" data-collapse-state=\"expanded\"><strong>1. Dados que coletamos<\/strong><\/h3><div class=\"ql-block\" data-block-id=\"block-d325660a-3479-4096-8e4f-218e2ea9613f\">Coletamos os seguintes dados pessoais por meio do nosso formul\u00e1rio de contato:<\/div><ul><li>Nome<\/li><li>E-mail<\/li><li>Telefone<\/li><\/ul><h3 class=\"ql-heading\" data-block-id=\"block-8c05a79d-19c9-433c-8e19-77e56e78bb85\" data-collapse-state=\"expanded\"><strong>2. Finalidade da coleta<\/strong><\/h3><div class=\"ql-block\" data-block-id=\"block-9d17fde8-8455-4777-a8b8-187f51fca2c1\">Os dados s\u00e3o utilizados exclusivamente para fins de\u00a0<strong>contato comercial<\/strong>, a fim de responder d\u00favidas, fornecer informa\u00e7\u00f5es sobre nossos produtos e servi\u00e7os, ou dar continuidade a eventuais solicita\u00e7\u00f5es feitas pelo usu\u00e1rio.<\/div><h3 class=\"ql-heading\" data-block-id=\"block-f42781ab-347a-48e2-9962-853d38ff58e0\" data-collapse-state=\"expanded\"><strong>3. Forma de coleta<\/strong><\/h3><div class=\"ql-block\" data-block-id=\"block-869f901f-f259-4ff2-95db-2b9c311262fe\">Os dados s\u00e3o fornecidos voluntariamente por voc\u00ea, por meio do preenchimento do\u00a0<strong>formul\u00e1rio de contato<\/strong>\u00a0dispon\u00edvel no nosso site.<\/div><h3 class=\"ql-heading\" data-block-id=\"block-66204da5-8cf3-46fa-bac0-89a9b0676bab\" data-collapse-state=\"expanded\"><strong>4. Compartilhamento de dados<\/strong><\/h3><div class=\"ql-block\" data-block-id=\"block-7b88641c-7527-49b2-9d3a-fe3fc889bc28\">Atualmente,\u00a0<strong>n\u00e3o compartilhamos seus dados com terceiros<\/strong>. No entanto, nos reservamos o direito de faz\u00ea-lo futuramente com parceiros comerciais ou plataformas de atendimento e marketing, sempre com base nos princ\u00edpios da transpar\u00eancia e da legalidade. Caso isso ocorra, esta pol\u00edtica ser\u00e1 atualizada para refletir tais altera\u00e7\u00f5es.<\/div><h3 class=\"ql-heading\" data-block-id=\"block-f5ae1b23-5c85-48cd-9529-abf8b6f0e571\" data-collapse-state=\"expanded\"><strong>5. Direitos do titular dos dados<\/strong><\/h3><div class=\"ql-block\" data-block-id=\"block-f2a3cc55-1527-404a-92a9-f1e9b1e2b767\">Os dados fornecidos s\u00e3o armazenados de forma segura e utilizados apenas pelo tempo necess\u00e1rio para atender \u00e0 finalidade para a qual foram coletados. Adotamos medidas t\u00e9cnicas e administrativas adequadas para proteger os dados pessoais contra acessos n\u00e3o autorizados, destrui\u00e7\u00e3o, perda, altera\u00e7\u00e3o, comunica\u00e7\u00e3o ou difus\u00e3o.<\/div><h3 class=\"ql-heading\" data-block-id=\"block-29809de9-cb92-494e-ad70-e091189d8288\" data-collapse-state=\"expanded\"><strong>6. Armazenamento e seguran\u00e7a<\/strong><\/h3><div class=\"ql-block\" data-block-id=\"block-50d15f10-d64d-47f0-9fdc-69f0d6f8e3ec\">Nos termos da\u00a0<strong>Lei Geral de Prote\u00e7\u00e3o de Dados (Lei n\u00ba 13.709\/2018)<\/strong>, voc\u00ea tem o direito de:<\/div><ul><li>Solicitar acesso aos seus dados pessoais;<\/li><li>Corrigir dados incompletos, inexatos ou desatualizados;<\/li><li>Solicitar a exclus\u00e3o dos seus dados;<\/li><li>Revogar o consentimento dado para o tratamento de seus dados.<\/li><\/ul><div class=\"ql-block\" data-block-id=\"block-dddd3a47-fc13-4da0-a7d2-c555a4112c09\">Para exercer esses direitos, entre em contato atrav\u00e9s do e-mail: contato@drraphaelbarros.com.br<\/div><h3 class=\"ql-heading\" data-block-id=\"block-2d59dcf4-1938-41d0-8ea4-510d7de12702\" data-collapse-state=\"expanded\"><strong>7. Atualiza\u00e7\u00f5es desta pol\u00edtica<\/strong><\/h3><div class=\"ql-block\" data-block-id=\"block-61a85f2f-d965-40fe-b9a5-4f96d2ae5fdf\">Esta Pol\u00edtica de Privacidade poder\u00e1 ser atualizada a qualquer momento, conforme a necessidade de adequa\u00e7\u00e3o a novas pr\u00e1ticas de tratamento de dados ou exig\u00eancias legais. Recomendamos que voc\u00ea consulte este documento periodicamente.<\/div><h3 class=\"ql-heading\" data-block-id=\"block-d89b97e0-0c76-45f0-8756-a589103f402b\" data-collapse-state=\"expanded\"><strong>8. Contato<\/strong><\/h3><div class=\"ql-block\" data-block-id=\"block-a013eb6d-1239-4a20-8edd-e7d094b99368\">Caso tenha d\u00favidas, sugest\u00f5es ou queira exercer algum dos seus direitos relacionados aos seus dados pessoais, entre em contato com o nosso canal de atendimento: contato@drraphaelbarros.com.br<\/div>\t\t\t\t\t\t\t\t<\/div>\n\t\t\t\t<\/div>\n\t\t\t\t\t<\/div>\n\t\t<\/div>\n\t\t\t\t\t<\/div>\n\t\t<\/section>\n\t\t\t\t<section class=\"elementor-section elementor-top-section elementor-element elementor-element-7266bc0f elementor-section-boxed elementor-section-height-default elementor-section-height-default\" data-id=\"7266bc0f\" data-element_type=\"section\" data-e-type=\"section\" data-settings=\"{&quot;background_background&quot;:&quot;classic&quot;,&quot;shape_divider_top&quot;:&quot;triangle&quot;,&quot;shape_divider_top_negative&quot;:&quot;yes&quot;}\">\n\t\t\t\t\t\t\t<div class=\"elementor-background-overlay\"><\/div>\n\t\t\t\t\t\t<div class=\"elementor-shape elementor-shape-top\" aria-hidden=\"true\" data-negative=\"true\">\n\t\t\t<svg xmlns=\"http:\/\/www.w3.org\/2000\/svg\" viewBox=\"0 0 1000 100\" preserveAspectRatio=\"none\">\n\t<path class=\"elementor-shape-fill\" d=\"M500.2,94.7L0,0v100h1000V0L500.2,94.7z\"\/>\n<\/svg>\t\t<\/div>\n\t\t\t\t\t<div class=\"elementor-container elementor-column-gap-default\">\n\t\t\t\t\t<div class=\"elementor-column elementor-col-100 elementor-top-column elementor-element elementor-element-3f99f752\" data-id=\"3f99f752\" data-element_type=\"column\" data-e-type=\"column\">\n\t\t\t<div class=\"elementor-widget-wrap elementor-element-populated\">\n\t\t\t\t\t\t<section class=\"elementor-section elementor-inner-section elementor-element elementor-element-188c7a3b elementor-section-boxed elementor-section-height-default elementor-section-height-default\" data-id=\"188c7a3b\" data-element_type=\"section\" data-e-type=\"section\">\n\t\t\t\t\t\t<div class=\"elementor-container elementor-column-gap-default\">\n\t\t\t\t\t<div class=\"elementor-column elementor-col-33 elementor-inner-column elementor-element elementor-element-1ed3d7eb\" data-id=\"1ed3d7eb\" data-element_type=\"column\" data-e-type=\"column\">\n\t\t\t<div class=\"elementor-widget-wrap elementor-element-populated\">\n\t\t\t\t\t\t<div class=\"elementor-element elementor-element-7cc196bf elementor-widget elementor-widget-image-box\" data-id=\"7cc196bf\" data-element_type=\"widget\" data-e-type=\"widget\" data-widget_type=\"image-box.default\">\n\t\t\t\t<div class=\"elementor-widget-container\">\n\t\t\t\t\t<div class=\"elementor-image-box-wrapper\"><div class=\"elementor-image-box-content\"><h6 class=\"elementor-image-box-title\">Contato<\/h6><\/div><\/div>\t\t\t\t<\/div>\n\t\t\t\t<\/div>\n\t\t\t\t<div class=\"elementor-element elementor-element-47014977 elementor-mobile-align-center elementor-icon-list--layout-traditional elementor-list-item-link-full_width elementor-widget elementor-widget-icon-list\" data-id=\"47014977\" data-element_type=\"widget\" data-e-type=\"widget\" data-widget_type=\"icon-list.default\">\n\t\t\t\t<div class=\"elementor-widget-container\">\n\t\t\t\t\t\t\t<ul class=\"elementor-icon-list-items\">\n\t\t\t\t\t\t\t<li class=\"elementor-icon-list-item\">\n\t\t\t\t\t\t\t\t\t\t\t<span class=\"elementor-icon-list-icon\">\n\t\t\t\t\t\t\t<i aria-hidden=\"true\" class=\"fas fa-phone-alt\"><\/i>\t\t\t\t\t\t<\/span>\n\t\t\t\t\t\t\t\t\t\t<span class=\"elementor-icon-list-text\">(27) 98884-9871<\/span>\n\t\t\t\t\t\t\t\t\t<\/li>\n\t\t\t\t\t\t\t\t<li class=\"elementor-icon-list-item\">\n\t\t\t\t\t\t\t\t\t\t\t<span class=\"elementor-icon-list-icon\">\n\t\t\t\t\t\t\t<i aria-hidden=\"true\" class=\"far fa-envelope\"><\/i>\t\t\t\t\t\t<\/span>\n\t\t\t\t\t\t\t\t\t\t<span class=\"elementor-icon-list-text\">raphaelbarrosc@gmail.com<\/span>\n\t\t\t\t\t\t\t\t\t<\/li>\n\t\t\t\t\t\t<\/ul>\n\t\t\t\t\t\t<\/div>\n\t\t\t\t<\/div>\n\t\t\t\t<div class=\"elementor-element elementor-element-559ab053 elementor-widget elementor-widget-text-editor\" data-id=\"559ab053\" data-element_type=\"widget\" data-e-type=\"widget\" data-widget_type=\"text-editor.default\">\n\t\t\t\t<div class=\"elementor-widget-container\">\n\t\t\t\t\t\t\t\t\t<p>CNPJ 07.437.242\/0001-96 &#8211; J. B. UROLOGIA LTDA<\/p>\t\t\t\t\t\t\t\t<\/div>\n\t\t\t\t<\/div>\n\t\t\t\t<div class=\"elementor-element elementor-element-7cc4e58e elementor-widget elementor-widget-text-editor\" data-id=\"7cc4e58e\" data-element_type=\"widget\" data-e-type=\"widget\" data-widget_type=\"text-editor.default\">\n\t\t\t\t<div class=\"elementor-widget-container\">\n\t\t\t\t\t\t\t\t\t<p><a href=\"https:\/\/drraphaelbarros.com.br\/?page_id=1973\">Pol\u00edticas de Privacidade<\/a><\/p>\t\t\t\t\t\t\t\t<\/div>\n\t\t\t\t<\/div>\n\t\t\t\t\t<\/div>\n\t\t<\/div>\n\t\t\t\t<div class=\"elementor-column elementor-col-33 elementor-inner-column elementor-element elementor-element-1d6f7623\" data-id=\"1d6f7623\" data-element_type=\"column\" data-e-type=\"column\">\n\t\t\t<div class=\"elementor-widget-wrap elementor-element-populated\">\n\t\t\t\t\t\t<div class=\"elementor-element elementor-element-a977eb elementor-widget elementor-widget-image\" data-id=\"a977eb\" data-element_type=\"widget\" data-e-type=\"widget\" data-widget_type=\"image.default\">\n\t\t\t\t<div class=\"elementor-widget-container\">\n\t\t\t\t\t\t\t\t\t\t\t\t\t\t\t<img fetchpriority=\"high\" decoding=\"async\" width=\"500\" height=\"500\" src=\"https:\/\/drraphaelbarros.com.br\/wp-content\/uploads\/2019\/09\/\u00edcone.png\" class=\"attachment-large size-large wp-image-1715\" alt=\"\" srcset=\"https:\/\/drraphaelbarros.com.br\/wp-content\/uploads\/2019\/09\/\u00edcone.png 500w, https:\/\/drraphaelbarros.com.br\/wp-content\/uploads\/2019\/09\/\u00edcone-300x300.png 300w, https:\/\/drraphaelbarros.com.br\/wp-content\/uploads\/2019\/09\/\u00edcone-150x150.png 150w, https:\/\/drraphaelbarros.com.br\/wp-content\/uploads\/2019\/09\/\u00edcone-403x403.png 403w\" sizes=\"(max-width: 500px) 100vw, 500px\" \/>\t\t\t\t\t\t\t\t\t\t\t\t\t\t\t<\/div>\n\t\t\t\t<\/div>\n\t\t\t\t<div class=\"elementor-element elementor-element-51e86880 elementor-position-top elementor-widget elementor-widget-image-box\" data-id=\"51e86880\" data-element_type=\"widget\" data-e-type=\"widget\" data-widget_type=\"image-box.default\">\n\t\t\t\t<div class=\"elementor-widget-container\">\n\t\t\t\t\t<div class=\"elementor-image-box-wrapper\"><figure class=\"elementor-image-box-img\"><img decoding=\"async\" src=\"https:\/\/drraphaelbarros.com.br\/wp-content\/uploads\/2020\/06\/\u00edcone.jpg\" title=\"\" alt=\"\" loading=\"lazy\" \/><\/figure><div class=\"elementor-image-box-content\"><h3 class=\"elementor-image-box-title\">Dr. Raphael De Barros Carneiro<\/h3><\/div><\/div>\t\t\t\t<\/div>\n\t\t\t\t<\/div>\n\t\t\t\t<div class=\"elementor-element elementor-element-671c0a30 elementor-shape-rounded elementor-grid-0 e-grid-align-center elementor-widget elementor-widget-social-icons\" data-id=\"671c0a30\" data-element_type=\"widget\" data-e-type=\"widget\" data-widget_type=\"social-icons.default\">\n\t\t\t\t<div class=\"elementor-widget-container\">\n\t\t\t\t\t\t\t<div class=\"elementor-social-icons-wrapper elementor-grid\" role=\"list\">\n\t\t\t\t\t\t\t<span class=\"elementor-grid-item\" role=\"listitem\">\n\t\t\t\t\t<a class=\"elementor-icon elementor-social-icon elementor-social-icon-instagram elementor-animation-grow elementor-repeater-item-139b784\" href=\"https:\/\/www.instagram.com\/drraphaelbarros\/\" target=\"_blank\">\n\t\t\t\t\t\t<span class=\"elementor-screen-only\">Instagram<\/span>\n\t\t\t\t\t\t<i aria-hidden=\"true\" class=\"fab fa-instagram\"><\/i>\t\t\t\t\t<\/a>\n\t\t\t\t<\/span>\n\t\t\t\t\t\t\t<span class=\"elementor-grid-item\" role=\"listitem\">\n\t\t\t\t\t<a class=\"elementor-icon elementor-social-icon elementor-social-icon-calendar-alt elementor-animation-grow elementor-repeater-item-8175d5a\" href=\"https:\/\/www.doctoralia.com.br\/raphael-de-barros-carneiro\/ortopedista-traumatologista\/colatina?address-id=288846#address-id=%5B288846%5D&#038;filters%5Bspecializations%5D%5B%5D=67\" target=\"_blank\">\n\t\t\t\t\t\t<span class=\"elementor-screen-only\">Calendar-alt<\/span>\n\t\t\t\t\t\t<i aria-hidden=\"true\" class=\"far fa-calendar-alt\"><\/i>\t\t\t\t\t<\/a>\n\t\t\t\t<\/span>\n\t\t\t\t\t\t\t<span class=\"elementor-grid-item\" role=\"listitem\">\n\t\t\t\t\t<a class=\"elementor-icon elementor-social-icon elementor-social-icon-whatsapp elementor-animation-grow elementor-repeater-item-7abc174\" href=\"https:\/\/web.whatsapp.com\/send?phone=5527988849871&#038;text=Ol\u00e1,%20venho%20do%20site%20e%20gostaria%20de%20algumas%20informa\u00e7\u00f5es!\" target=\"_blank\">\n\t\t\t\t\t\t<span class=\"elementor-screen-only\">Whatsapp<\/span>\n\t\t\t\t\t\t<i aria-hidden=\"true\" class=\"fab fa-whatsapp\"><\/i>\t\t\t\t\t<\/a>\n\t\t\t\t<\/span>\n\t\t\t\t\t<\/div>\n\t\t\t\t\t\t<\/div>\n\t\t\t\t<\/div>\n\t\t\t\t\t<\/div>\n\t\t<\/div>\n\t\t\t\t<div class=\"elementor-column elementor-col-33 elementor-inner-column elementor-element elementor-element-356271fc\" data-id=\"356271fc\" data-element_type=\"column\" data-e-type=\"column\">\n\t\t\t<div class=\"elementor-widget-wrap elementor-element-populated\">\n\t\t\t\t\t\t<div class=\"elementor-element elementor-element-20b68699 elementor-vertical-align-top elementor-widget elementor-widget-image-box\" data-id=\"20b68699\" data-element_type=\"widget\" data-e-type=\"widget\" data-widget_type=\"image-box.default\">\n\t\t\t\t<div class=\"elementor-widget-container\">\n\t\t\t\t\t<div class=\"elementor-image-box-wrapper\"><div class=\"elementor-image-box-content\"><h6 class=\"elementor-image-box-title\">Endere\u00e7o<\/h6><\/div><\/div>\t\t\t\t<\/div>\n\t\t\t\t<\/div>\n\t\t\t\t<div class=\"elementor-element elementor-element-4c201a1b elementor-align-end elementor-mobile-align-center elementor-icon-list--layout-traditional elementor-list-item-link-full_width elementor-widget elementor-widget-icon-list\" data-id=\"4c201a1b\" data-element_type=\"widget\" data-e-type=\"widget\" data-widget_type=\"icon-list.default\">\n\t\t\t\t<div class=\"elementor-widget-container\">\n\t\t\t\t\t\t\t<ul class=\"elementor-icon-list-items\">\n\t\t\t\t\t\t\t<li class=\"elementor-icon-list-item\">\n\t\t\t\t\t\t\t\t\t\t<span class=\"elementor-icon-list-text\">Rua Dom Pedro II, 151, Colatina<\/span>\n\t\t\t\t\t\t\t\t\t<\/li>\n\t\t\t\t\t\t\t\t<li class=\"elementor-icon-list-item\">\n\t\t\t\t\t\t\t\t\t\t<span class=\"elementor-icon-list-text\">Centro M\u00e9dico de Colatina<\/span>\n\t\t\t\t\t\t\t\t\t<\/li>\n\t\t\t\t\t\t<\/ul>\n\t\t\t\t\t\t<\/div>\n\t\t\t\t<\/div>\n\t\t\t\t\t<\/div>\n\t\t<\/div>\n\t\t\t\t\t<\/div>\n\t\t<\/section>\n\t\t\t\t\t<\/div>\n\t\t<\/div>\n\t\t\t\t\t<\/div>\n\t\t<\/section>\n\t\t\t\t<section class=\"elementor-section elementor-top-section elementor-element elementor-element-2913738e elementor-section-boxed elementor-section-height-default elementor-section-height-default\" data-id=\"2913738e\" data-element_type=\"section\" data-e-type=\"section\">\n\t\t\t\t\t\t<div class=\"elementor-container elementor-column-gap-default\">\n\t\t\t\t\t<div class=\"elementor-column elementor-col-100 elementor-top-column elementor-element elementor-element-7d94a0de\" data-id=\"7d94a0de\" data-element_type=\"column\" data-e-type=\"column\">\n\t\t\t<div class=\"elementor-widget-wrap elementor-element-populated\">\n\t\t\t\t\t\t<div class=\"elementor-element elementor-element-782bf47e elementor-widget elementor-widget-copyright\" data-id=\"782bf47e\" data-element_type=\"widget\" data-e-type=\"widget\" data-settings=\"{&quot;align&quot;:&quot;center&quot;}\" data-widget_type=\"copyright.default\">\n\t\t\t\t<div class=\"elementor-widget-container\">\n\t\t\t\t\t\t\t<div class=\"hfe-copyright-wrapper\">\n\t\t\t\t\t\t\t<a href=\"https:\/\/mitrix.com.br\/\" target=\"_blank\">\n\t\t\t\t\t<span>Copyright \u00a9 2026 Mitrix - Powerred Dr. Raphael de Barros<\/span>\n\t\t\t\t<\/a>\n\t\t\t\t\t<\/div>\n\t\t\t\t\t\t<\/div>\n\t\t\t\t<\/div>\n\t\t\t\t\t<\/div>\n\t\t<\/div>\n\t\t\t\t\t<\/div>\n\t\t<\/section>\n\t\t\t\t<\/div>\n\t\t","protected":false},"excerpt":{"rendered":"<p>Pol\u00edticas de Privacidade 1. Dados que coletamos Coletamos os seguintes dados pessoais por meio do nosso formul\u00e1rio de contato: Nome E-mail Telefone 2. Finalidade da coleta Os dados s\u00e3o utilizados exclusivamente para fins de\u00a0contato comercial, a fim de responder d\u00favidas, fornecer informa\u00e7\u00f5es sobre nossos produtos e servi\u00e7os, ou dar continuidade a eventuais solicita\u00e7\u00f5es feitas pelo [&hellip;]<\/p>\n","protected":false},"author":4,"featured_media":0,"parent":0,"menu_order":0,"comment_status":"closed","ping_status":"closed","template":"elementor_canvas","meta":{"_uag_custom_page_level_css":"","site-sidebar-layout":"no-sidebar","site-content-layout":"page-builder","ast-site-content-layout":"full-width-container","site-content-style":"default","site-sidebar-style":"default","ast-global-header-display":"","ast-banner-title-visibility":"","ast-main-header-display":"","ast-hfb-above-header-display":"","ast-hfb-below-header-display":"","ast-hfb-mobile-header-display":"","site-post-title":"disabled","ast-breadcrumbs-content":"","ast-featured-img":"disabled","footer-sml-layout":"","ast-disable-related-posts":"","theme-transparent-header-meta":"","adv-header-id-meta":"","stick-header-meta":"","header-above-stick-meta":"","header-main-stick-meta":"","header-below-stick-meta":"","astra-migrate-meta-layouts":"set","ast-page-background-enabled":"default","ast-page-background-meta":{"desktop":{"background-color":"","background-image":"","background-repeat":"repeat","background-position":"center center","background-size":"auto","background-attachment":"scroll","background-type":"","background-media":"","overlay-type":"","overlay-color":"","overlay-opacity":"","overlay-gradient":""},"tablet":{"background-color":"","background-image":"","background-repeat":"repeat","background-position":"center center","background-size":"auto","background-attachment":"scroll","background-type":"","background-media":"","overlay-type":"","overlay-color":"","overlay-opacity":"","overlay-gradient":""},"mobile":{"background-color":"","background-image":"","background-repeat":"repeat","background-position":"center center","background-size":"auto","background-attachment":"scroll","background-type":"","background-media":"","overlay-type":"","overlay-color":"","overlay-opacity":"","overlay-gradient":""}},"ast-content-background-meta":{"desktop":{"background-color":"var(--ast-global-color-5)","background-image":"","background-repeat":"repeat","background-position":"center center","background-size":"auto","background-attachment":"scroll","background-type":"","background-media":"","overlay-type":"","overlay-color":"","overlay-opacity":"","overlay-gradient":""},"tablet":{"background-color":"var(--ast-global-color-5)","background-image":"","background-repeat":"repeat","background-position":"center center","background-size":"auto","background-attachment":"scroll","background-type":"","background-media":"","overlay-type":"","overlay-color":"","overlay-opacity":"","overlay-gradient":""},"mobile":{"background-color":"var(--ast-global-color-5)","background-image":"","background-repeat":"repeat","background-position":"center center","background-size":"auto","background-attachment":"scroll","background-type":"","background-media":"","overlay-type":"","overlay-color":"","overlay-opacity":"","overlay-gradient":""}},"footnotes":""},"class_list":["post-1973","page","type-page","status-publish","hentry"],"uagb_featured_image_src":{"full":false,"thumbnail":false,"medium":false,"medium_large":false,"large":false,"1536x1536":false,"2048x2048":false},"uagb_author_info":{"display_name":"Administrador","author_link":"https:\/\/drraphaelbarros.com.br\/?author=4"},"uagb_comment_info":0,"uagb_excerpt":"Pol\u00edticas de Privacidade 1. Dados que coletamos Coletamos os seguintes dados pessoais por meio do nosso formul\u00e1rio de contato: Nome E-mail Telefone 2. Finalidade da coleta Os dados s\u00e3o utilizados exclusivamente para fins de\u00a0contato comercial, a fim de responder d\u00favidas, fornecer informa\u00e7\u00f5es sobre nossos produtos e servi\u00e7os, ou dar continuidade a eventuais solicita\u00e7\u00f5es feitas pelo&hellip;","_links":{"self":[{"href":"https:\/\/drraphaelbarros.com.br\/index.php?rest_route=\/wp\/v2\/pages\/1973","targetHints":{"allow":["GET"]}}],"collection":[{"href":"https:\/\/drraphaelbarros.com.br\/index.php?rest_route=\/wp\/v2\/pages"}],"about":[{"href":"https:\/\/drraphaelbarros.com.br\/index.php?rest_route=\/wp\/v2\/types\/page"}],"author":[{"embeddable":true,"href":"https:\/\/drraphaelbarros.com.br\/index.php?rest_route=\/wp\/v2\/users\/4"}],"replies":[{"embeddable":true,"href":"https:\/\/drraphaelbarros.com.br\/index.php?rest_route=%2Fwp%2Fv2%2Fcomments&post=1973"}],"version-history":[{"count":16,"href":"https:\/\/drraphaelbarros.com.br\/index.php?rest_route=\/wp\/v2\/pages\/1973\/revisions"}],"predecessor-version":[{"id":2034,"href":"https:\/\/drraphaelbarros.com.br\/index.php?rest_route=\/wp\/v2\/pages\/1973\/revisions\/2034"}],"wp:attachment":[{"href":"https:\/\/drraphaelbarros.com.br\/index.php?rest_route=%2Fwp%2Fv2%2Fmedia&parent=1973"}],"curies":[{"name":"wp","href":"https:\/\/api.w.org\/{rel}","templated":true}]}}